{"id":1363,"date":"2025-08-26T15:07:42","date_gmt":"2025-08-26T12:07:42","guid":{"rendered":"https:\/\/pixelyapi.com\/?page_id=1363"},"modified":"2025-09-09T15:58:29","modified_gmt":"2025-09-09T12:58:29","slug":"bilgi-formu","status":"publish","type":"page","link":"https:\/\/pixelyapi.com\/?page_id=1363","title":{"rendered":"bilgi formu"},"content":{"rendered":"\t\t<div data-elementor-type=\"wp-page\" data-elementor-id=\"1363\" class=\"elementor elementor-1363\">\n\t\t\t\t<div class=\"elementor-element elementor-element-63acbd0 e-flex e-con-boxed e-con e-parent\" data-id=\"63acbd0\" data-element_type=\"container\">\n\t\t\t\t\t<div class=\"e-con-inner\">\n\t\t\t\t<div class=\"elementor-element elementor-element-0dc7869 elementor-widget elementor-widget-heading\" data-id=\"0dc7869\" data-element_type=\"widget\" data-widget_type=\"heading.default\">\n\t\t\t\t<div class=\"elementor-widget-container\">\n\t\t\t\t\t<h4 class=\"elementor-heading-title elementor-size-default\">Bilgi Formu<\/h4>\t\t\t\t<\/div>\n\t\t\t\t<\/div>\n\t\t\t\t\t<\/div>\n\t\t\t\t<\/div>\n\t\t<div class=\"elementor-element elementor-element-4e06b16 e-grid e-con-boxed e-con e-parent\" data-id=\"4e06b16\" data-element_type=\"container\">\n\t\t\t\t\t<div class=\"e-con-inner\">\n\t\t<div class=\"elementor-element elementor-element-fdb8082 e-con-full e-flex e-con e-child\" data-id=\"fdb8082\" data-element_type=\"container\">\n\t\t\t\t<div class=\"elementor-element elementor-element-4af04c2 elementor-widget__width-initial elementor-widget elementor-widget-shortcode\" data-id=\"4af04c2\" data-element_type=\"widget\" data-widget_type=\"shortcode.default\">\n\t\t\t\t<div class=\"elementor-widget-container\">\n\t\t\t\t\t\t\t<div class=\"elementor-shortcode\"><div class=\"forminator-ui forminator-custom-form forminator-custom-form-1362 forminator-design--default  forminator_ajax\" data-forminator-render=\"0\" data-form=\"forminator-module-1362\" data-uid=\"69d0e4213e436\"><br\/><\/div><form\n\t\t\t\tid=\"forminator-module-1362\"\n\t\t\t\tclass=\"forminator-ui forminator-custom-form forminator-custom-form-1362 forminator-design--default  forminator_ajax\"\n\t\t\t\tmethod=\"post\"\n\t\t\t\tdata-forminator-render=\"0\"\n\t\t\t\tdata-form-id=\"1362\"\n\t\t\t\t\n\t\t\t\tdata-design=\"default\"\n\t\t\t\tdata-color-option=\"theme\"\n\t\t\t\t\n\t\t\t\t\n\t\t\t\t\n\t\t\t\tdata-grid=\"open\"\n\t\t\t\t\n\t\t\t\t\n\t\t\t\tstyle=\"display: none;\"\n\t\t\t\t\n\t\t\t\tdata-uid=\"69d0e4213e436\"\n\t\t\t><div role=\"alert\" aria-live=\"polite\" class=\"forminator-response-message forminator-error\" aria-hidden=\"true\"><\/div><div class=\"forminator-row\"><div id=\"name-1\" class=\"forminator-field-name forminator-col forminator-col-12 \"><div class=\"forminator-field\"><label for=\"forminator-field-name-1_69d0e4213e436\" id=\"forminator-field-name-1_69d0e4213e436-label\" class=\"forminator-label\">Ad<\/label><input type=\"text\" name=\"name-1\" value=\"\" placeholder=\"\" id=\"forminator-field-name-1_69d0e4213e436\" class=\"forminator-input forminator-name--field\" aria-required=\"false\" \/><\/div><\/div><\/div><div class=\"forminator-row\"><div id=\"email-1\" class=\"forminator-field-email forminator-col forminator-col-12 \"><div class=\"forminator-field\"><label for=\"forminator-field-email-1_69d0e4213e436\" id=\"forminator-field-email-1_69d0e4213e436-label\" class=\"forminator-label\">E-posta Adresi<\/label><input type=\"email\" name=\"email-1\" value=\"\" placeholder=\"\" id=\"forminator-field-email-1_69d0e4213e436\" class=\"forminator-input forminator-email--field\" data-required=\"\" aria-required=\"false\" \/><\/div><\/div><\/div><div class=\"forminator-row\"><div id=\"phone-1\" class=\"forminator-field-phone forminator-col forminator-col-12 \"><div class=\"forminator-field\"><label for=\"forminator-field-phone-1_69d0e4213e436\" id=\"forminator-field-phone-1_69d0e4213e436-label\" class=\"forminator-label\">Telefon<\/label><input type=\"text\" name=\"phone-1\" value=\"\" placeholder=\"\" id=\"forminator-field-phone-1_69d0e4213e436\" class=\"forminator-input forminator-field--phone\" data-required=\"\" aria-required=\"false\" autocomplete=\"off\" \/><\/div><\/div><\/div><div class=\"forminator-row\"><div id=\"select-1\" class=\"forminator-field-select forminator-col forminator-col-12 \"><div class=\"forminator-field\"><label for=\"forminator-form-1362__field--select-1_69d0e4213e436\" id=\"forminator-form-1362__field--select-1_69d0e4213e436-label\" class=\"forminator-label\">Konu Se\u00e7iniz<\/label><select  id=\"forminator-form-1362__field--select-1_69d0e4213e436\" class=\"forminator-select--field forminator-select2 forminator-select2-multiple\" data-required=\"\" name=\"select-1\" data-default-value=\"\" data-hidden-behavior=\"zero\" data-placeholder=\"Konu\" data-search=\"false\" data-search-placeholder=\"Konu\" data-checkbox=\"false\" data-allow-clear=\"false\" aria-labelledby=\"forminator-form-1362__field--select-1_69d0e4213e436-label\"><option value=\"\"  >Konu<\/option><option value=\"one\"  data-calculation=\"0\">Sat\u0131\u015f Destek<\/option><option value=\"two\"  data-calculation=\"0\">Teknik Destek<\/option><option value=\"Proje-(Y\u0131ld\u0131r\u0131m-Beyaz\u0131t)\"  data-calculation=\"0\">Proje (Y\u0131ld\u0131r\u0131m Beyaz\u0131t)<\/option><option value=\"Proje-(Talas-Mevlana)\"  data-calculation=\"0\">Proje (Talas Mevlana)<\/option><\/select><\/div><\/div><\/div><div class=\"forminator-row\"><div id=\"textarea-1\" class=\"forminator-field-textarea forminator-col forminator-col-12 \"><div class=\"forminator-field\"><label for=\"forminator-field-textarea-1_69d0e4213e436\" id=\"forminator-field-textarea-1_69d0e4213e436-label\" class=\"forminator-label\">Mesaj\u0131n\u0131z<\/label><textarea name=\"textarea-1\" placeholder=\"\" id=\"forminator-field-textarea-1_69d0e4213e436\" class=\"forminator-textarea\" rows=\"6\" style=\"min-height:140px;\" ><\/textarea><\/div><\/div><\/div><input type=\"hidden\" name=\"referer_url\" value=\"\" \/><div class=\"forminator-row forminator-row-last\"><div class=\"forminator-col\"><div class=\"forminator-field\"><button class=\"forminator-button forminator-button-submit\">G&ouml;nder<\/button><\/div><\/div><\/div><input type=\"hidden\" id=\"forminator_nonce\" name=\"forminator_nonce\" value=\"092dbee548\" \/><input type=\"hidden\" name=\"_wp_http_referer\" value=\"\/index.php?rest_route=%2Fwp%2Fv2%2Fpages%2F1363\" \/><input type=\"hidden\" name=\"form_id\" value=\"1362\"><input type=\"hidden\" name=\"page_id\" value=\"1363\"><input type=\"hidden\" name=\"form_type\" value=\"default\"><input type=\"hidden\" name=\"current_url\" value=\"https:\/\/pixelyapi.com\/?page_id=1363\"><input type=\"hidden\" name=\"render_id\" value=\"0\"><input type=\"hidden\" name=\"action\" value=\"forminator_submit_form_custom-forms\"><\/form><\/div>\n\t\t\t\t\t\t<\/div>\n\t\t\t\t<\/div>\n\t\t\t\t<\/div>\n\t\t\t\t<div class=\"elementor-element elementor-element-1add826 elementor-widget elementor-widget-text-editor\" data-id=\"1add826\" data-element_type=\"widget\" data-widget_type=\"text-editor.default\">\n\t\t\t\t<div class=\"elementor-widget-container\">\n\t\t\t\t\t\t\t\t\t<h4 data-start=\"187\" data-end=\"231\">Hayalinizdeki Eve Bir Ad\u0131m Daha Yakla\u015f\u0131n<\/h4><p data-start=\"233\" data-end=\"392\">Piksel Yap\u0131 olarak, Kayseri\u2019de hayata ge\u00e7irdi\u011fimiz konut projeleriyle sizi modern, g\u00fcvenli ve konforlu ya\u015fam alanlar\u0131yla bulu\u015fturuyoruz.<br data-start=\"369\" data-end=\"372\" \/>Bu formu doldurarak;<\/p><ul data-start=\"394\" data-end=\"591\"><li data-start=\"394\" data-end=\"443\"><p data-start=\"396\" data-end=\"443\">Projelerimiz hakk\u0131nda detayl\u0131 bilgi alabilir,<\/p><\/li><li data-start=\"444\" data-end=\"496\"><p data-start=\"446\" data-end=\"496\">Sat\u0131l\u0131k dairelerimizin planlar\u0131n\u0131 inceleyebilir,<\/p><\/li><li data-start=\"497\" data-end=\"541\"><p data-start=\"499\" data-end=\"541\">Online \u00f6rnek daire turumuza kat\u0131labilir,<\/p><\/li><li data-start=\"542\" data-end=\"591\"><p data-start=\"544\" data-end=\"591\">Size \u00f6zel \u00f6deme se\u00e7eneklerini \u00f6\u011frenebilirsiniz.<\/p><\/li><\/ul><p data-start=\"593\" data-end=\"743\">Size en uygun zaman\u0131 se\u00e7in, sat\u0131\u015f dan\u0131\u015fmanlar\u0131m\u0131z en k\u0131sa s\u00fcrede sizinle ileti\u015fime ge\u00e7sin.<br data-start=\"683\" data-end=\"686\" \/><strong data-start=\"686\" data-end=\"743\">Piksel Yap\u0131 ile Kayseri\u2019de ev sahibi olmak \u00e7ok kolay!<\/strong><\/p>\t\t\t\t\t\t\t\t<\/div>\n\t\t\t\t<\/div>\n\t\t\t\t\t<\/div>\n\t\t\t\t<\/div>\n\t\t\t\t<\/div>\n\t\t","protected":false},"excerpt":{"rendered":"<p>Bilgi Formu Hayalinizdeki Eve Bir Ad\u0131m Daha Yakla\u015f\u0131n Piksel Yap\u0131 olarak, Kayseri\u2019de hayata ge\u00e7irdi\u011fimiz konut projeleriyle sizi modern, g\u00fcvenli ve konforlu ya\u015fam alanlar\u0131yla bulu\u015fturuyoruz.Bu formu doldurarak; Projelerimiz hakk\u0131nda detayl\u0131 bilgi alabilir, Sat\u0131l\u0131k dairelerimizin planlar\u0131n\u0131 inceleyebilir, Online \u00f6rnek daire turumuza kat\u0131labilir, Size \u00f6zel \u00f6deme se\u00e7eneklerini \u00f6\u011frenebilirsiniz. Size en uygun zaman\u0131 se\u00e7in, sat\u0131\u015f dan\u0131\u015fmanlar\u0131m\u0131z en k\u0131sa s\u00fcrede [&hellip;]<\/p>\n","protected":false},"author":1,"featured_media":0,"parent":0,"menu_order":0,"comment_status":"closed","ping_status":"closed","template":"full-width","meta":{"footnotes":""},"class_list":["post-1363","page","type-page","status-publish","hentry"],"_links":{"self":[{"href":"https:\/\/pixelyapi.com\/index.php?rest_route=\/wp\/v2\/pages\/1363","targetHints":{"allow":["GET"]}}],"collection":[{"href":"https:\/\/pixelyapi.com\/index.php?rest_route=\/wp\/v2\/pages"}],"about":[{"href":"https:\/\/pixelyapi.com\/index.php?rest_route=\/wp\/v2\/types\/page"}],"author":[{"embeddable":true,"href":"https:\/\/pixelyapi.com\/index.php?rest_route=\/wp\/v2\/users\/1"}],"replies":[{"embeddable":true,"href":"https:\/\/pixelyapi.com\/index.php?rest_route=%2Fwp%2Fv2%2Fcomments&post=1363"}],"version-history":[{"count":13,"href":"https:\/\/pixelyapi.com\/index.php?rest_route=\/wp\/v2\/pages\/1363\/revisions"}],"predecessor-version":[{"id":1380,"href":"https:\/\/pixelyapi.com\/index.php?rest_route=\/wp\/v2\/pages\/1363\/revisions\/1380"}],"wp:attachment":[{"href":"https:\/\/pixelyapi.com\/index.php?rest_route=%2Fwp%2Fv2%2Fmedia&parent=1363"}],"curies":[{"name":"wp","href":"https:\/\/api.w.org\/{rel}","templated":true}]}}